{"id":10998,"date":"2021-06-14T14:51:23","date_gmt":"2021-06-14T14:51:23","guid":{"rendered":"https:\/\/www.sopro.pt\/produto\/cepillo-de-madera\/"},"modified":"2024-05-09T15:16:17","modified_gmt":"2024-05-09T15:16:17","slug":"cepillo-de-madera","status":"publish","type":"product","link":"https:\/\/www.sopro.pt\/es\/produto\/cepillo-de-madera\/","title":{"rendered":"CEPILLO DE MADERA"},"content":{"rendered":"<p><strong>Cerdas de jabal\u00ed naturales:<\/strong> Proporcionan una textura suave que es agradable tanto para la barba como para la piel.<\/p>\n<p><strong>Material Sostenible:<\/strong> La estructura de madera aporta durabilidad y un toque r\u00fastico, acorde con pr\u00e1cticas ecol\u00f3gicas.<\/p>\n<p><strong>Cuidado Natural:<\/strong> Ayuda a distribuir los aceites naturales de la piel, promoviendo un brillo saludable en la barba.<\/p>\n<p><strong>Dise\u00f1o ergon\u00f3mico:<\/strong> la forma del cepillo se adapta c\u00f3modamente a la mano, facilitando el uso diario.<\/p>\n<p><strong>Versatilidad:<\/strong> Adem\u00e1s del cuidado de la barba, se puede utilizar para peinar bigotes y vello facial.<\/p>\n<p>Cuida la barba de tus clientes de forma natural y sostenible con el <strong>Cepillo de Madera con Cerdas Naturales de Jabal\u00ed<\/strong>. Dale a tus barbas el amor que se merecen. \ud83e\uddd4\u2728<\/p>\n","protected":false},"excerpt":{"rendered":"<h5><strong>Cuidado Natural para la Barba<\/strong><\/h5>\n<p>El cepillo de <strong>madera con cerdas naturales de jabal\u00ed<\/strong> es la opci\u00f3n ideal para los hombres que valoran el cuidado natural de la barba. Con cerdas de textura suave, este cepillo brinda una experiencia suave al mismo tiempo que ayuda a mantener una barba impecable.<\/p>\n","protected":false},"featured_media":10182,"template":"","meta":[],"product_brand":[],"product_cat":[197,214,168,160,158],"product_tag":[],"class_list":{"0":"post-10998","1":"product","2":"type-product","3":"status-publish","4":"has-post-thumbnail","6":"product_cat-barbero","7":"product_cat-cepillos-peines-es","8":"product_cat-cepillos-peines","9":"product_cat-peluqueria","10":"product_cat-todas-las-categorias","12":"first","13":"instock","14":"shipping-taxable","15":"purchasable","16":"product-type-simple"},"yoast_head":"<!-- This site is optimized with the Yoast SEO plugin v27.3 - https:\/\/yoast.com\/product\/yoast-seo-wordpress\/ -->\n<title>CEPILLO DE MADERA - Sopro - Equipamentos el\u00e9tricos para cabeleireiro<\/title>\n<meta name=\"description\" content=\"Professional - Equipamentos el\u00e9tricos para cabeleireiro. A Sopro \u00e9 uma marca Portuguesa de equipamentos el\u00e9tricos do setor profissional de cabeleireiro.\" \/>\n<meta name=\"robots\" content=\"index, follow, max-snippet:-1, max-image-preview:large, max-video-preview:-1\" \/>\n<link rel=\"canonical\" href=\"https:\/\/www.sopro.pt\/es\/produto\/cepillo-de-madera\/\" \/>\n<meta property=\"og:locale\" content=\"es_ES\" \/>\n<meta property=\"og:type\" content=\"article\" \/>\n<meta property=\"og:title\" content=\"CEPILLO DE MADERA - Sopro - Equipamentos el\u00e9tricos para cabeleireiro\" \/>\n<meta property=\"og:description\" content=\"Professional - Equipamentos el\u00e9tricos para cabeleireiro. A Sopro \u00e9 uma marca Portuguesa de equipamentos el\u00e9tricos do setor profissional de cabeleireiro.\" \/>\n<meta property=\"og:url\" content=\"https:\/\/www.sopro.pt\/es\/produto\/cepillo-de-madera\/\" \/>\n<meta property=\"og:site_name\" content=\"Sopro - Equipamentos el\u00e9tricos para cabeleireiro\" \/>\n<meta property=\"article:publisher\" content=\"https:\/\/www.facebook.com\/soproprofessionals\/\" \/>\n<meta property=\"article:modified_time\" content=\"2024-05-09T15:16:17+00:00\" \/>\n<meta property=\"og:image\" content=\"https:\/\/www.sopro.pt\/wp-content\/uploads\/2021\/06\/Sopro-ESCOVA-MADEIRA.png\" \/>\n\t<meta property=\"og:image:width\" content=\"1080\" \/>\n\t<meta property=\"og:image:height\" content=\"1080\" \/>\n\t<meta property=\"og:image:type\" content=\"image\/png\" \/>\n<meta name=\"twitter:card\" content=\"summary_large_image\" \/>\n<meta name=\"twitter:label1\" content=\"Tiempo de lectura\" \/>\n\t<meta name=\"twitter:data1\" content=\"1 minuto\" \/>\n<script type=\"application\/ld+json\" class=\"yoast-schema-graph\">{\"@context\":\"https:\\\/\\\/schema.org\",\"@graph\":[{\"@type\":\"WebPage\",\"@id\":\"https:\\\/\\\/www.sopro.pt\\\/es\\\/produto\\\/cepillo-de-madera\\\/\",\"url\":\"https:\\\/\\\/www.sopro.pt\\\/es\\\/produto\\\/cepillo-de-madera\\\/\",\"name\":\"CEPILLO DE MADERA - Sopro - Equipamentos el\u00e9tricos para cabeleireiro\",\"isPartOf\":{\"@id\":\"https:\\\/\\\/www.sopro.pt\\\/es\\\/#website\"},\"primaryImageOfPage\":{\"@id\":\"https:\\\/\\\/www.sopro.pt\\\/es\\\/produto\\\/cepillo-de-madera\\\/#primaryimage\"},\"image\":{\"@id\":\"https:\\\/\\\/www.sopro.pt\\\/es\\\/produto\\\/cepillo-de-madera\\\/#primaryimage\"},\"thumbnailUrl\":\"https:\\\/\\\/www.sopro.pt\\\/wp-content\\\/uploads\\\/2021\\\/06\\\/Sopro-ESCOVA-MADEIRA.png\",\"datePublished\":\"2021-06-14T14:51:23+00:00\",\"dateModified\":\"2024-05-09T15:16:17+00:00\",\"description\":\"Professional - Equipamentos el\u00e9tricos para cabeleireiro. A Sopro \u00e9 uma marca Portuguesa de equipamentos el\u00e9tricos do setor profissional de cabeleireiro.\",\"breadcrumb\":{\"@id\":\"https:\\\/\\\/www.sopro.pt\\\/es\\\/produto\\\/cepillo-de-madera\\\/#breadcrumb\"},\"inLanguage\":\"es\",\"potentialAction\":[{\"@type\":\"ReadAction\",\"target\":[\"https:\\\/\\\/www.sopro.pt\\\/es\\\/produto\\\/cepillo-de-madera\\\/\"]}]},{\"@type\":\"ImageObject\",\"inLanguage\":\"es\",\"@id\":\"https:\\\/\\\/www.sopro.pt\\\/es\\\/produto\\\/cepillo-de-madera\\\/#primaryimage\",\"url\":\"https:\\\/\\\/www.sopro.pt\\\/wp-content\\\/uploads\\\/2021\\\/06\\\/Sopro-ESCOVA-MADEIRA.png\",\"contentUrl\":\"https:\\\/\\\/www.sopro.pt\\\/wp-content\\\/uploads\\\/2021\\\/06\\\/Sopro-ESCOVA-MADEIRA.png\",\"width\":1080,\"height\":1080,\"caption\":\"Sopro - ESCOVA MADEIRA\"},{\"@type\":\"BreadcrumbList\",\"@id\":\"https:\\\/\\\/www.sopro.pt\\\/es\\\/produto\\\/cepillo-de-madera\\\/#breadcrumb\",\"itemListElement\":[{\"@type\":\"ListItem\",\"position\":1,\"name\":\"In\u00edcio\",\"item\":\"https:\\\/\\\/www.sopro.pt\\\/es\\\/home-2\\\/\"},{\"@type\":\"ListItem\",\"position\":2,\"name\":\"Productos\",\"item\":\"https:\\\/\\\/www.sopro.pt\\\/es\\\/shop\\\/\"},{\"@type\":\"ListItem\",\"position\":3,\"name\":\"CEPILLO DE MADERA\"}]},{\"@type\":\"WebSite\",\"@id\":\"https:\\\/\\\/www.sopro.pt\\\/es\\\/#website\",\"url\":\"https:\\\/\\\/www.sopro.pt\\\/es\\\/\",\"name\":\"Sopro Professionals\",\"description\":\"Professional - Equipamentos el\u00e9tricos para cabeleireiro. A Sopro \u00e9 uma marca Portuguesa de equipamentos el\u00e9tricos do setor profissional de cabeleireiro.\",\"publisher\":{\"@id\":\"https:\\\/\\\/www.sopro.pt\\\/es\\\/#organization\"},\"alternateName\":\"Sopro\",\"potentialAction\":[{\"@type\":\"SearchAction\",\"target\":{\"@type\":\"EntryPoint\",\"urlTemplate\":\"https:\\\/\\\/www.sopro.pt\\\/es\\\/?s={search_term_string}\"},\"query-input\":{\"@type\":\"PropertyValueSpecification\",\"valueRequired\":true,\"valueName\":\"search_term_string\"}}],\"inLanguage\":\"es\"},{\"@type\":\"Organization\",\"@id\":\"https:\\\/\\\/www.sopro.pt\\\/es\\\/#organization\",\"name\":\"Sopro Professionals\",\"url\":\"https:\\\/\\\/www.sopro.pt\\\/es\\\/\",\"logo\":{\"@type\":\"ImageObject\",\"inLanguage\":\"es\",\"@id\":\"https:\\\/\\\/www.sopro.pt\\\/es\\\/#\\\/schema\\\/logo\\\/image\\\/\",\"url\":\"https:\\\/\\\/www.sopro.pt\\\/wp-content\\\/uploads\\\/2024\\\/01\\\/SOPRO-PROFESSIONALS-FAVICON-web.svg\",\"contentUrl\":\"https:\\\/\\\/www.sopro.pt\\\/wp-content\\\/uploads\\\/2024\\\/01\\\/SOPRO-PROFESSIONALS-FAVICON-web.svg\",\"width\":512,\"height\":512,\"caption\":\"Sopro Professionals\"},\"image\":{\"@id\":\"https:\\\/\\\/www.sopro.pt\\\/es\\\/#\\\/schema\\\/logo\\\/image\\\/\"},\"sameAs\":[\"https:\\\/\\\/www.facebook.com\\\/soproprofessionals\\\/\",\"https:\\\/\\\/www.instagram.com\\\/sopro_professionals\\\/\"]}]}<\/script>\n<!-- \/ Yoast SEO plugin. -->","yoast_head_json":{"title":"CEPILLO DE MADERA - Sopro - Equipamentos el\u00e9tricos para cabeleireiro","description":"Professional - Equipamentos el\u00e9tricos para cabeleireiro. A Sopro \u00e9 uma marca Portuguesa de equipamentos el\u00e9tricos do setor profissional de cabeleireiro.","robots":{"index":"index","follow":"follow","max-snippet":"max-snippet:-1","max-image-preview":"max-image-preview:large","max-video-preview":"max-video-preview:-1"},"canonical":"https:\/\/www.sopro.pt\/es\/produto\/cepillo-de-madera\/","og_locale":"es_ES","og_type":"article","og_title":"CEPILLO DE MADERA - Sopro - Equipamentos el\u00e9tricos para cabeleireiro","og_description":"Professional - Equipamentos el\u00e9tricos para cabeleireiro. A Sopro \u00e9 uma marca Portuguesa de equipamentos el\u00e9tricos do setor profissional de cabeleireiro.","og_url":"https:\/\/www.sopro.pt\/es\/produto\/cepillo-de-madera\/","og_site_name":"Sopro - Equipamentos el\u00e9tricos para cabeleireiro","article_publisher":"https:\/\/www.facebook.com\/soproprofessionals\/","article_modified_time":"2024-05-09T15:16:17+00:00","og_image":[{"width":1080,"height":1080,"url":"https:\/\/www.sopro.pt\/wp-content\/uploads\/2021\/06\/Sopro-ESCOVA-MADEIRA.png","type":"image\/png"}],"twitter_card":"summary_large_image","twitter_misc":{"Tiempo de lectura":"1 minuto"},"schema":{"@context":"https:\/\/schema.org","@graph":[{"@type":"WebPage","@id":"https:\/\/www.sopro.pt\/es\/produto\/cepillo-de-madera\/","url":"https:\/\/www.sopro.pt\/es\/produto\/cepillo-de-madera\/","name":"CEPILLO DE MADERA - Sopro - Equipamentos el\u00e9tricos para cabeleireiro","isPartOf":{"@id":"https:\/\/www.sopro.pt\/es\/#website"},"primaryImageOfPage":{"@id":"https:\/\/www.sopro.pt\/es\/produto\/cepillo-de-madera\/#primaryimage"},"image":{"@id":"https:\/\/www.sopro.pt\/es\/produto\/cepillo-de-madera\/#primaryimage"},"thumbnailUrl":"https:\/\/www.sopro.pt\/wp-content\/uploads\/2021\/06\/Sopro-ESCOVA-MADEIRA.png","datePublished":"2021-06-14T14:51:23+00:00","dateModified":"2024-05-09T15:16:17+00:00","description":"Professional - Equipamentos el\u00e9tricos para cabeleireiro. A Sopro \u00e9 uma marca Portuguesa de equipamentos el\u00e9tricos do setor profissional de cabeleireiro.","breadcrumb":{"@id":"https:\/\/www.sopro.pt\/es\/produto\/cepillo-de-madera\/#breadcrumb"},"inLanguage":"es","potentialAction":[{"@type":"ReadAction","target":["https:\/\/www.sopro.pt\/es\/produto\/cepillo-de-madera\/"]}]},{"@type":"ImageObject","inLanguage":"es","@id":"https:\/\/www.sopro.pt\/es\/produto\/cepillo-de-madera\/#primaryimage","url":"https:\/\/www.sopro.pt\/wp-content\/uploads\/2021\/06\/Sopro-ESCOVA-MADEIRA.png","contentUrl":"https:\/\/www.sopro.pt\/wp-content\/uploads\/2021\/06\/Sopro-ESCOVA-MADEIRA.png","width":1080,"height":1080,"caption":"Sopro - ESCOVA MADEIRA"},{"@type":"BreadcrumbList","@id":"https:\/\/www.sopro.pt\/es\/produto\/cepillo-de-madera\/#breadcrumb","itemListElement":[{"@type":"ListItem","position":1,"name":"In\u00edcio","item":"https:\/\/www.sopro.pt\/es\/home-2\/"},{"@type":"ListItem","position":2,"name":"Productos","item":"https:\/\/www.sopro.pt\/es\/shop\/"},{"@type":"ListItem","position":3,"name":"CEPILLO DE MADERA"}]},{"@type":"WebSite","@id":"https:\/\/www.sopro.pt\/es\/#website","url":"https:\/\/www.sopro.pt\/es\/","name":"Sopro Professionals","description":"Professional - Equipamentos el\u00e9tricos para cabeleireiro. A Sopro \u00e9 uma marca Portuguesa de equipamentos el\u00e9tricos do setor profissional de cabeleireiro.","publisher":{"@id":"https:\/\/www.sopro.pt\/es\/#organization"},"alternateName":"Sopro","potentialAction":[{"@type":"SearchAction","target":{"@type":"EntryPoint","urlTemplate":"https:\/\/www.sopro.pt\/es\/?s={search_term_string}"},"query-input":{"@type":"PropertyValueSpecification","valueRequired":true,"valueName":"search_term_string"}}],"inLanguage":"es"},{"@type":"Organization","@id":"https:\/\/www.sopro.pt\/es\/#organization","name":"Sopro Professionals","url":"https:\/\/www.sopro.pt\/es\/","logo":{"@type":"ImageObject","inLanguage":"es","@id":"https:\/\/www.sopro.pt\/es\/#\/schema\/logo\/image\/","url":"https:\/\/www.sopro.pt\/wp-content\/uploads\/2024\/01\/SOPRO-PROFESSIONALS-FAVICON-web.svg","contentUrl":"https:\/\/www.sopro.pt\/wp-content\/uploads\/2024\/01\/SOPRO-PROFESSIONALS-FAVICON-web.svg","width":512,"height":512,"caption":"Sopro Professionals"},"image":{"@id":"https:\/\/www.sopro.pt\/es\/#\/schema\/logo\/image\/"},"sameAs":["https:\/\/www.facebook.com\/soproprofessionals\/","https:\/\/www.instagram.com\/sopro_professionals\/"]}]}},"_links":{"self":[{"href":"https:\/\/www.sopro.pt\/es\/wp-json\/wp\/v2\/product\/10998","targetHints":{"allow":["GET"]}}],"collection":[{"href":"https:\/\/www.sopro.pt\/es\/wp-json\/wp\/v2\/product"}],"about":[{"href":"https:\/\/www.sopro.pt\/es\/wp-json\/wp\/v2\/types\/product"}],"version-history":[{"count":1,"href":"https:\/\/www.sopro.pt\/es\/wp-json\/wp\/v2\/product\/10998\/revisions"}],"predecessor-version":[{"id":11000,"href":"https:\/\/www.sopro.pt\/es\/wp-json\/wp\/v2\/product\/10998\/revisions\/11000"}],"wp:featuredmedia":[{"embeddable":true,"href":"https:\/\/www.sopro.pt\/es\/wp-json\/wp\/v2\/media\/10182"}],"wp:attachment":[{"href":"https:\/\/www.sopro.pt\/es\/wp-json\/wp\/v2\/media?parent=10998"}],"wp:term":[{"taxonomy":"product_brand","embeddable":true,"href":"https:\/\/www.sopro.pt\/es\/wp-json\/wp\/v2\/product_brand?post=10998"},{"taxonomy":"product_cat","embeddable":true,"href":"https:\/\/www.sopro.pt\/es\/wp-json\/wp\/v2\/product_cat?post=10998"},{"taxonomy":"product_tag","embeddable":true,"href":"https:\/\/www.sopro.pt\/es\/wp-json\/wp\/v2\/product_tag?post=10998"}],"curies":[{"name":"wp","href":"https:\/\/api.w.org\/{rel}","templated":true}]}}

<p><strong>Cerdas de jabalí naturales:</strong> Proporcionan una textura suave que es agradable tanto para la barba como para la piel.</p>
<p><strong>Material Sostenible:</strong> La estructura de madera aporta durabilidad y un toque rústico, acorde con prácticas ecológicas.</p>
<p><strong>Cuidado Natural:</strong> Ayuda a distribuir los aceites naturales de la piel, promoviendo un brillo saludable en la barba.</p>
<p><strong>Diseño ergonómico:</strong> la forma del cepillo se adapta cómodamente a la mano, facilitando el uso diario.</p>
<p><strong>Versatilidad:</strong> Además del cuidado de la barba, se puede utilizar para peinar bigotes y vello facial.</p>
<p>Cuida la barba de tus clientes de forma natural y sostenible con el <strong>Cepillo de Madera con Cerdas Naturales de Jabalí</strong>. Dale a tus barbas el amor que se merecen. 🧔✨</p>

<h5><strong>Cuidado Natural para la Barba</strong></h5>
<p>El cepillo de <strong>madera con cerdas naturales de jabalí</strong> es la opción ideal para los hombres que valoran el cuidado natural de la barba. Con cerdas de textura suave, este cepillo brinda una experiencia suave al mismo tiempo que ayuda a mantener una barba impecable.</p>

<!-- This site is optimized with the Yoast SEO plugin v27.3 - https://yoast.com/product/yoast-seo-wordpress/ -->
<title>CEPILLO DE MADERA - Sopro - Equipamentos elétricos para cabeleireiro</title>
<meta name="description" content="Professional - Equipamentos elétricos para cabeleireiro. A Sopro é uma marca Portuguesa de equipamentos elétricos do setor profissional de cabeleireiro." />
<meta name="robots" content="index, follow, max-snippet:-1, max-image-preview:large, max-video-preview:-1" />
<link rel="canonical" href="https://www.sopro.pt/es/produto/cepillo-de-madera/" />
<meta property="og:locale" content="es_ES" />
<meta property="og:type" content="article" />
<meta property="og:title" content="CEPILLO DE MADERA - Sopro - Equipamentos elétricos para cabeleireiro" />
<meta property="og:description" content="Professional - Equipamentos elétricos para cabeleireiro. A Sopro é uma marca Portuguesa de equipamentos elétricos do setor profissional de cabeleireiro." />
<meta property="og:url" content="https://www.sopro.pt/es/produto/cepillo-de-madera/" />
<meta property="og:site_name" content="Sopro - Equipamentos elétricos para cabeleireiro" />
<meta property="article:publisher" content="https://www.facebook.com/soproprofessionals/" />
<meta property="article:modified_time" content="2024-05-09T15:16:17+00:00" />
<meta property="og:image" content="https://www.sopro.pt/wp-content/uploads/2021/06/Sopro-ESCOVA-MADEIRA.png" />
	<meta property="og:image:width" content="1080" />
	<meta property="og:image:height" content="1080" />
	<meta property="og:image:type" content="image/png" />
<meta name="twitter:card" content="summary_large_image" />
<meta name="twitter:label1" content="Tiempo de lectura" />
	<meta name="twitter:data1" content="1 minuto" />
<script type="application/ld+json" class="yoast-schema-graph">{"@context":"https:\/\/schema.org","@graph":[{"@type":"WebPage","@id":"https:\/\/www.sopro.pt\/es\/produto\/cepillo-de-madera\/","url":"https:\/\/www.sopro.pt\/es\/produto\/cepillo-de-madera\/","name":"CEPILLO DE MADERA - Sopro - Equipamentos elétricos para cabeleireiro","isPartOf":{"@id":"https:\/\/www.sopro.pt\/es\/#website"},"primaryImageOfPage":{"@id":"https:\/\/www.sopro.pt\/es\/produto\/cepillo-de-madera\/#primaryimage"},"image":{"@id":"https:\/\/www.sopro.pt\/es\/produto\/cepillo-de-madera\/#primaryimage"},"thumbnailUrl":"https:\/\/www.sopro.pt\/wp-content\/uploads\/2021\/06\/Sopro-ESCOVA-MADEIRA.png","datePublished":"2021-06-14T14:51:23+00:00","dateModified":"2024-05-09T15:16:17+00:00","description":"Professional - Equipamentos elétricos para cabeleireiro. A Sopro é uma marca Portuguesa de equipamentos elétricos do setor profissional de cabeleireiro.","breadcrumb":{"@id":"https:\/\/www.sopro.pt\/es\/produto\/cepillo-de-madera\/#breadcrumb"},"inLanguage":"es","potentialAction":[{"@type":"ReadAction","target":["https:\/\/www.sopro.pt\/es\/produto\/cepillo-de-madera\/"]}]},{"@type":"ImageObject","inLanguage":"es","@id":"https:\/\/www.sopro.pt\/es\/produto\/cepillo-de-madera\/#primaryimage","url":"https:\/\/www.sopro.pt\/wp-content\/uploads\/2021\/06\/Sopro-ESCOVA-MADEIRA.png","contentUrl":"https:\/\/www.sopro.pt\/wp-content\/uploads\/2021\/06\/Sopro-ESCOVA-MADEIRA.png","width":1080,"height":1080,"caption":"Sopro - ESCOVA MADEIRA"},{"@type":"BreadcrumbList","@id":"https:\/\/www.sopro.pt\/es\/produto\/cepillo-de-madera\/#breadcrumb","itemListElement":[{"@type":"ListItem","position":1,"name":"Início","item":"https:\/\/www.sopro.pt\/es\/home-2\/"},{"@type":"ListItem","position":2,"name":"Productos","item":"https:\/\/www.sopro.pt\/es\/shop\/"},{"@type":"ListItem","position":3,"name":"CEPILLO DE MADERA"}]},{"@type":"WebSite","@id":"https:\/\/www.sopro.pt\/es\/#website","url":"https:\/\/www.sopro.pt\/es\/","name":"Sopro Professionals","description":"Professional - Equipamentos elétricos para cabeleireiro. A Sopro é uma marca Portuguesa de equipamentos elétricos do setor profissional de cabeleireiro.","publisher":{"@id":"https:\/\/www.sopro.pt\/es\/#organization"},"alternateName":"Sopro","potentialAction":[{"@type":"SearchAction","target":{"@type":"EntryPoint","urlTemplate":"https:\/\/www.sopro.pt\/es\/?s={search_term_string}"},"query-input":{"@type":"PropertyValueSpecification","valueRequired":true,"valueName":"search_term_string"}}],"inLanguage":"es"},{"@type":"Organization","@id":"https:\/\/www.sopro.pt\/es\/#organization","name":"Sopro Professionals","url":"https:\/\/www.sopro.pt\/es\/","logo":{"@type":"ImageObject","inLanguage":"es","@id":"https:\/\/www.sopro.pt\/es\/#\/schema\/logo\/image\/","url":"https:\/\/www.sopro.pt\/wp-content\/uploads\/2024\/01\/SOPRO-PROFESSIONALS-FAVICON-web.svg","contentUrl":"https:\/\/www.sopro.pt\/wp-content\/uploads\/2024\/01\/SOPRO-PROFESSIONALS-FAVICON-web.svg","width":512,"height":512,"caption":"Sopro Professionals"},"image":{"@id":"https:\/\/www.sopro.pt\/es\/#\/schema\/logo\/image\/"},"sameAs":["https:\/\/www.facebook.com\/soproprofessionals\/","https:\/\/www.instagram.com\/sopro_professionals\/"]}]}</script>
<!-- / Yoast SEO plugin. -->

CEPILLO DE MADERA - Sopro - Equipamentos elétricos para cabeleireiro

Professional - Equipamentos elétricos para cabeleireiro. A Sopro é uma marca Portuguesa de equipamentos elétricos do setor profissional de cabeleireiro.

Sopro - Equipamentos elétricos para cabeleireiro

Início
