{"id":10830,"date":"2023-02-02T10:31:34","date_gmt":"2023-02-02T10:31:34","guid":{"rendered":"https:\/\/www.sopro.pt\/produto\/plancha-special-liss\/"},"modified":"2024-05-03T12:06:10","modified_gmt":"2024-05-03T12:06:10","slug":"plancha-special-liss","status":"publish","type":"product","link":"https:\/\/www.sopro.pt\/es\/produto\/plancha-special-liss\/","title":{"rendered":"PLANCHA SPECIAL LISS"},"content":{"rendered":"<p><strong>Principales caracter\u00edsticas:<\/strong><\/p>\n<p>&#8211;<strong>Pantalla LCD:<\/strong> Con indicador de nivel de temperatura para un control preciso.<\/p>\n<p>&#8211;<strong>Control de Temperatura Digital:<\/strong> Ajustable de 80\u00baC a 250\u00baC para satisfacer las necesidades de tu cabello.<\/p>\n<p>&#8211;<strong>Placas Flotantes de Titanio:<\/strong> Miden 3,5 cm x 10 cm para un deslizamiento suave y eficaz.<\/p>\n<p>&#8211;<strong>Cable giratorio de 2,5 m:<\/strong> Proporciona libertad de movimiento durante el uso.<\/p>\n<p>&#8211;<strong>Potencia:<\/strong> Var\u00eda entre 40 a 60 W para resultados eficientes.<\/p>\n<p>Haz tu rutina de cuidado del cabello m\u00e1s sofisticada con la Plancha Special Liss. Cabello liso, brillante y lleno de vida. \u00a1Consigue la tuya ahora y experimenta la diferencia! \u2728\ud83d\udc69\u200d\ud83e\uddb3\ud83d\udc96<\/p>\n","protected":false},"excerpt":{"rendered":"<h5>Control digital de temperatura, elegancia y confort<\/h5>\n<p>La Plancha Especial Liss es la elecci\u00f3n perfecta para quienes buscan un alisamiento profesional y duradero. Equipada con placas flotantes recubiertas de titanio, ofrece precisi\u00f3n y versatilidad para conseguir lo que siempre has quer\u00eddo.<\/p>\n","protected":false},"featured_media":10098,"template":"","meta":[],"product_brand":[],"product_cat":[160,162,158],"product_tag":[],"class_list":{"0":"post-10830","1":"product","2":"type-product","3":"status-publish","4":"has-post-thumbnail","6":"product_cat-peluqueria","7":"product_cat-planchas","8":"product_cat-todas-las-categorias","10":"first","11":"instock","12":"shipping-taxable","13":"purchasable","14":"product-type-simple","15":"wpzoom-wc-spi-has-enabled"},"yoast_head":"<!-- This site is optimized with the Yoast SEO plugin v27.3 - https:\/\/yoast.com\/product\/yoast-seo-wordpress\/ -->\n<title>PLANCHA SPECIAL LISS - Sopro - Equipamentos el\u00e9tricos para cabeleireiro<\/title>\n<meta name=\"description\" content=\"Professional - Equipamentos el\u00e9tricos para cabeleireiro. A Sopro \u00e9 uma marca Portuguesa de equipamentos el\u00e9tricos do setor profissional de cabeleireiro.\" \/>\n<meta name=\"robots\" content=\"index, follow, max-snippet:-1, max-image-preview:large, max-video-preview:-1\" \/>\n<link rel=\"canonical\" href=\"https:\/\/www.sopro.pt\/es\/produto\/plancha-special-liss\/\" \/>\n<meta property=\"og:locale\" content=\"es_ES\" \/>\n<meta property=\"og:type\" content=\"article\" \/>\n<meta property=\"og:title\" content=\"PLANCHA SPECIAL LISS - Sopro - Equipamentos el\u00e9tricos para cabeleireiro\" \/>\n<meta property=\"og:description\" content=\"Professional - Equipamentos el\u00e9tricos para cabeleireiro. A Sopro \u00e9 uma marca Portuguesa de equipamentos el\u00e9tricos do setor profissional de cabeleireiro.\" \/>\n<meta property=\"og:url\" content=\"https:\/\/www.sopro.pt\/es\/produto\/plancha-special-liss\/\" \/>\n<meta property=\"og:site_name\" content=\"Sopro - Equipamentos el\u00e9tricos para cabeleireiro\" \/>\n<meta property=\"article:publisher\" content=\"https:\/\/www.facebook.com\/soproprofessionals\/\" \/>\n<meta property=\"article:modified_time\" content=\"2024-05-03T12:06:10+00:00\" \/>\n<meta property=\"og:image\" content=\"https:\/\/www.sopro.pt\/wp-content\/uploads\/2023\/02\/S-Prancha-Special-Liss.png\" \/>\n\t<meta property=\"og:image:width\" content=\"1080\" \/>\n\t<meta property=\"og:image:height\" content=\"1080\" \/>\n\t<meta property=\"og:image:type\" content=\"image\/png\" \/>\n<meta name=\"twitter:card\" content=\"summary_large_image\" \/>\n<script type=\"application\/ld+json\" class=\"yoast-schema-graph\">{\"@context\":\"https:\\\/\\\/schema.org\",\"@graph\":[{\"@type\":\"WebPage\",\"@id\":\"https:\\\/\\\/www.sopro.pt\\\/es\\\/produto\\\/plancha-special-liss\\\/\",\"url\":\"https:\\\/\\\/www.sopro.pt\\\/es\\\/produto\\\/plancha-special-liss\\\/\",\"name\":\"PLANCHA SPECIAL LISS - Sopro - Equipamentos el\u00e9tricos para cabeleireiro\",\"isPartOf\":{\"@id\":\"https:\\\/\\\/www.sopro.pt\\\/es\\\/#website\"},\"primaryImageOfPage\":{\"@id\":\"https:\\\/\\\/www.sopro.pt\\\/es\\\/produto\\\/plancha-special-liss\\\/#primaryimage\"},\"image\":{\"@id\":\"https:\\\/\\\/www.sopro.pt\\\/es\\\/produto\\\/plancha-special-liss\\\/#primaryimage\"},\"thumbnailUrl\":\"https:\\\/\\\/www.sopro.pt\\\/wp-content\\\/uploads\\\/2023\\\/02\\\/S-Prancha-Special-Liss.png\",\"datePublished\":\"2023-02-02T10:31:34+00:00\",\"dateModified\":\"2024-05-03T12:06:10+00:00\",\"description\":\"Professional - Equipamentos el\u00e9tricos para cabeleireiro. A Sopro \u00e9 uma marca Portuguesa de equipamentos el\u00e9tricos do setor profissional de cabeleireiro.\",\"breadcrumb\":{\"@id\":\"https:\\\/\\\/www.sopro.pt\\\/es\\\/produto\\\/plancha-special-liss\\\/#breadcrumb\"},\"inLanguage\":\"es\",\"potentialAction\":[{\"@type\":\"ReadAction\",\"target\":[\"https:\\\/\\\/www.sopro.pt\\\/es\\\/produto\\\/plancha-special-liss\\\/\"]}]},{\"@type\":\"ImageObject\",\"inLanguage\":\"es\",\"@id\":\"https:\\\/\\\/www.sopro.pt\\\/es\\\/produto\\\/plancha-special-liss\\\/#primaryimage\",\"url\":\"https:\\\/\\\/www.sopro.pt\\\/wp-content\\\/uploads\\\/2023\\\/02\\\/S-Prancha-Special-Liss.png\",\"contentUrl\":\"https:\\\/\\\/www.sopro.pt\\\/wp-content\\\/uploads\\\/2023\\\/02\\\/S-Prancha-Special-Liss.png\",\"width\":1080,\"height\":1080,\"caption\":\"Plancha Special Liss Sopro Professionals\"},{\"@type\":\"BreadcrumbList\",\"@id\":\"https:\\\/\\\/www.sopro.pt\\\/es\\\/produto\\\/plancha-special-liss\\\/#breadcrumb\",\"itemListElement\":[{\"@type\":\"ListItem\",\"position\":1,\"name\":\"In\u00edcio\",\"item\":\"https:\\\/\\\/www.sopro.pt\\\/es\\\/home-2\\\/\"},{\"@type\":\"ListItem\",\"position\":2,\"name\":\"Productos\",\"item\":\"https:\\\/\\\/www.sopro.pt\\\/es\\\/shop\\\/\"},{\"@type\":\"ListItem\",\"position\":3,\"name\":\"PLANCHA SPECIAL LISS\"}]},{\"@type\":\"WebSite\",\"@id\":\"https:\\\/\\\/www.sopro.pt\\\/es\\\/#website\",\"url\":\"https:\\\/\\\/www.sopro.pt\\\/es\\\/\",\"name\":\"Sopro Professionals\",\"description\":\"Professional - Equipamentos el\u00e9tricos para cabeleireiro. A Sopro \u00e9 uma marca Portuguesa de equipamentos el\u00e9tricos do setor profissional de cabeleireiro.\",\"publisher\":{\"@id\":\"https:\\\/\\\/www.sopro.pt\\\/es\\\/#organization\"},\"alternateName\":\"Sopro\",\"potentialAction\":[{\"@type\":\"SearchAction\",\"target\":{\"@type\":\"EntryPoint\",\"urlTemplate\":\"https:\\\/\\\/www.sopro.pt\\\/es\\\/?s={search_term_string}\"},\"query-input\":{\"@type\":\"PropertyValueSpecification\",\"valueRequired\":true,\"valueName\":\"search_term_string\"}}],\"inLanguage\":\"es\"},{\"@type\":\"Organization\",\"@id\":\"https:\\\/\\\/www.sopro.pt\\\/es\\\/#organization\",\"name\":\"Sopro Professionals\",\"url\":\"https:\\\/\\\/www.sopro.pt\\\/es\\\/\",\"logo\":{\"@type\":\"ImageObject\",\"inLanguage\":\"es\",\"@id\":\"https:\\\/\\\/www.sopro.pt\\\/es\\\/#\\\/schema\\\/logo\\\/image\\\/\",\"url\":\"https:\\\/\\\/www.sopro.pt\\\/wp-content\\\/uploads\\\/2024\\\/01\\\/SOPRO-PROFESSIONALS-FAVICON-web.svg\",\"contentUrl\":\"https:\\\/\\\/www.sopro.pt\\\/wp-content\\\/uploads\\\/2024\\\/01\\\/SOPRO-PROFESSIONALS-FAVICON-web.svg\",\"width\":512,\"height\":512,\"caption\":\"Sopro Professionals\"},\"image\":{\"@id\":\"https:\\\/\\\/www.sopro.pt\\\/es\\\/#\\\/schema\\\/logo\\\/image\\\/\"},\"sameAs\":[\"https:\\\/\\\/www.facebook.com\\\/soproprofessionals\\\/\",\"https:\\\/\\\/www.instagram.com\\\/sopro_professionals\\\/\"]}]}<\/script>\n<!-- \/ Yoast SEO plugin. -->","yoast_head_json":{"title":"PLANCHA SPECIAL LISS - Sopro - Equipamentos el\u00e9tricos para cabeleireiro","description":"Professional - Equipamentos el\u00e9tricos para cabeleireiro. A Sopro \u00e9 uma marca Portuguesa de equipamentos el\u00e9tricos do setor profissional de cabeleireiro.","robots":{"index":"index","follow":"follow","max-snippet":"max-snippet:-1","max-image-preview":"max-image-preview:large","max-video-preview":"max-video-preview:-1"},"canonical":"https:\/\/www.sopro.pt\/es\/produto\/plancha-special-liss\/","og_locale":"es_ES","og_type":"article","og_title":"PLANCHA SPECIAL LISS - Sopro - Equipamentos el\u00e9tricos para cabeleireiro","og_description":"Professional - Equipamentos el\u00e9tricos para cabeleireiro. A Sopro \u00e9 uma marca Portuguesa de equipamentos el\u00e9tricos do setor profissional de cabeleireiro.","og_url":"https:\/\/www.sopro.pt\/es\/produto\/plancha-special-liss\/","og_site_name":"Sopro - Equipamentos el\u00e9tricos para cabeleireiro","article_publisher":"https:\/\/www.facebook.com\/soproprofessionals\/","article_modified_time":"2024-05-03T12:06:10+00:00","og_image":[{"width":1080,"height":1080,"url":"https:\/\/www.sopro.pt\/wp-content\/uploads\/2023\/02\/S-Prancha-Special-Liss.png","type":"image\/png"}],"twitter_card":"summary_large_image","schema":{"@context":"https:\/\/schema.org","@graph":[{"@type":"WebPage","@id":"https:\/\/www.sopro.pt\/es\/produto\/plancha-special-liss\/","url":"https:\/\/www.sopro.pt\/es\/produto\/plancha-special-liss\/","name":"PLANCHA SPECIAL LISS - Sopro - Equipamentos el\u00e9tricos para cabeleireiro","isPartOf":{"@id":"https:\/\/www.sopro.pt\/es\/#website"},"primaryImageOfPage":{"@id":"https:\/\/www.sopro.pt\/es\/produto\/plancha-special-liss\/#primaryimage"},"image":{"@id":"https:\/\/www.sopro.pt\/es\/produto\/plancha-special-liss\/#primaryimage"},"thumbnailUrl":"https:\/\/www.sopro.pt\/wp-content\/uploads\/2023\/02\/S-Prancha-Special-Liss.png","datePublished":"2023-02-02T10:31:34+00:00","dateModified":"2024-05-03T12:06:10+00:00","description":"Professional - Equipamentos el\u00e9tricos para cabeleireiro. A Sopro \u00e9 uma marca Portuguesa de equipamentos el\u00e9tricos do setor profissional de cabeleireiro.","breadcrumb":{"@id":"https:\/\/www.sopro.pt\/es\/produto\/plancha-special-liss\/#breadcrumb"},"inLanguage":"es","potentialAction":[{"@type":"ReadAction","target":["https:\/\/www.sopro.pt\/es\/produto\/plancha-special-liss\/"]}]},{"@type":"ImageObject","inLanguage":"es","@id":"https:\/\/www.sopro.pt\/es\/produto\/plancha-special-liss\/#primaryimage","url":"https:\/\/www.sopro.pt\/wp-content\/uploads\/2023\/02\/S-Prancha-Special-Liss.png","contentUrl":"https:\/\/www.sopro.pt\/wp-content\/uploads\/2023\/02\/S-Prancha-Special-Liss.png","width":1080,"height":1080,"caption":"Plancha Special Liss Sopro Professionals"},{"@type":"BreadcrumbList","@id":"https:\/\/www.sopro.pt\/es\/produto\/plancha-special-liss\/#breadcrumb","itemListElement":[{"@type":"ListItem","position":1,"name":"In\u00edcio","item":"https:\/\/www.sopro.pt\/es\/home-2\/"},{"@type":"ListItem","position":2,"name":"Productos","item":"https:\/\/www.sopro.pt\/es\/shop\/"},{"@type":"ListItem","position":3,"name":"PLANCHA SPECIAL LISS"}]},{"@type":"WebSite","@id":"https:\/\/www.sopro.pt\/es\/#website","url":"https:\/\/www.sopro.pt\/es\/","name":"Sopro Professionals","description":"Professional - Equipamentos el\u00e9tricos para cabeleireiro. A Sopro \u00e9 uma marca Portuguesa de equipamentos el\u00e9tricos do setor profissional de cabeleireiro.","publisher":{"@id":"https:\/\/www.sopro.pt\/es\/#organization"},"alternateName":"Sopro","potentialAction":[{"@type":"SearchAction","target":{"@type":"EntryPoint","urlTemplate":"https:\/\/www.sopro.pt\/es\/?s={search_term_string}"},"query-input":{"@type":"PropertyValueSpecification","valueRequired":true,"valueName":"search_term_string"}}],"inLanguage":"es"},{"@type":"Organization","@id":"https:\/\/www.sopro.pt\/es\/#organization","name":"Sopro Professionals","url":"https:\/\/www.sopro.pt\/es\/","logo":{"@type":"ImageObject","inLanguage":"es","@id":"https:\/\/www.sopro.pt\/es\/#\/schema\/logo\/image\/","url":"https:\/\/www.sopro.pt\/wp-content\/uploads\/2024\/01\/SOPRO-PROFESSIONALS-FAVICON-web.svg","contentUrl":"https:\/\/www.sopro.pt\/wp-content\/uploads\/2024\/01\/SOPRO-PROFESSIONALS-FAVICON-web.svg","width":512,"height":512,"caption":"Sopro Professionals"},"image":{"@id":"https:\/\/www.sopro.pt\/es\/#\/schema\/logo\/image\/"},"sameAs":["https:\/\/www.facebook.com\/soproprofessionals\/","https:\/\/www.instagram.com\/sopro_professionals\/"]}]}},"_links":{"self":[{"href":"https:\/\/www.sopro.pt\/es\/wp-json\/wp\/v2\/product\/10830","targetHints":{"allow":["GET"]}}],"collection":[{"href":"https:\/\/www.sopro.pt\/es\/wp-json\/wp\/v2\/product"}],"about":[{"href":"https:\/\/www.sopro.pt\/es\/wp-json\/wp\/v2\/types\/product"}],"version-history":[{"count":1,"href":"https:\/\/www.sopro.pt\/es\/wp-json\/wp\/v2\/product\/10830\/revisions"}],"predecessor-version":[{"id":10832,"href":"https:\/\/www.sopro.pt\/es\/wp-json\/wp\/v2\/product\/10830\/revisions\/10832"}],"wp:featuredmedia":[{"embeddable":true,"href":"https:\/\/www.sopro.pt\/es\/wp-json\/wp\/v2\/media\/10098"}],"wp:attachment":[{"href":"https:\/\/www.sopro.pt\/es\/wp-json\/wp\/v2\/media?parent=10830"}],"wp:term":[{"taxonomy":"product_brand","embeddable":true,"href":"https:\/\/www.sopro.pt\/es\/wp-json\/wp\/v2\/product_brand?post=10830"},{"taxonomy":"product_cat","embeddable":true,"href":"https:\/\/www.sopro.pt\/es\/wp-json\/wp\/v2\/product_cat?post=10830"},{"taxonomy":"product_tag","embeddable":true,"href":"https:\/\/www.sopro.pt\/es\/wp-json\/wp\/v2\/product_tag?post=10830"}],"curies":[{"name":"wp","href":"https:\/\/api.w.org\/{rel}","templated":true}]}}

<p><strong>Principales características:</strong></p>
<p>&#8211;<strong>Pantalla LCD:</strong> Con indicador de nivel de temperatura para un control preciso.</p>
<p>&#8211;<strong>Control de Temperatura Digital:</strong> Ajustable de 80ºC a 250ºC para satisfacer las necesidades de tu cabello.</p>
<p>&#8211;<strong>Placas Flotantes de Titanio:</strong> Miden 3,5 cm x 10 cm para un deslizamiento suave y eficaz.</p>
<p>&#8211;<strong>Cable giratorio de 2,5 m:</strong> Proporciona libertad de movimiento durante el uso.</p>
<p>&#8211;<strong>Potencia:</strong> Varía entre 40 a 60 W para resultados eficientes.</p>
<p>Haz tu rutina de cuidado del cabello más sofisticada con la Plancha Special Liss. Cabello liso, brillante y lleno de vida. ¡Consigue la tuya ahora y experimenta la diferencia! ✨👩‍🦳💖</p>

<h5>Control digital de temperatura, elegancia y confort</h5>
<p>La Plancha Especial Liss es la elección perfecta para quienes buscan un alisamiento profesional y duradero. Equipada con placas flotantes recubiertas de titanio, ofrece precisión y versatilidad para conseguir lo que siempre has querído.</p>

<!-- This site is optimized with the Yoast SEO plugin v27.3 - https://yoast.com/product/yoast-seo-wordpress/ -->
<title>PLANCHA SPECIAL LISS - Sopro - Equipamentos elétricos para cabeleireiro</title>
<meta name="description" content="Professional - Equipamentos elétricos para cabeleireiro. A Sopro é uma marca Portuguesa de equipamentos elétricos do setor profissional de cabeleireiro." />
<meta name="robots" content="index, follow, max-snippet:-1, max-image-preview:large, max-video-preview:-1" />
<link rel="canonical" href="https://www.sopro.pt/es/produto/plancha-special-liss/" />
<meta property="og:locale" content="es_ES" />
<meta property="og:type" content="article" />
<meta property="og:title" content="PLANCHA SPECIAL LISS - Sopro - Equipamentos elétricos para cabeleireiro" />
<meta property="og:description" content="Professional - Equipamentos elétricos para cabeleireiro. A Sopro é uma marca Portuguesa de equipamentos elétricos do setor profissional de cabeleireiro." />
<meta property="og:url" content="https://www.sopro.pt/es/produto/plancha-special-liss/" />
<meta property="og:site_name" content="Sopro - Equipamentos elétricos para cabeleireiro" />
<meta property="article:publisher" content="https://www.facebook.com/soproprofessionals/" />
<meta property="article:modified_time" content="2024-05-03T12:06:10+00:00" />
<meta property="og:image" content="https://www.sopro.pt/wp-content/uploads/2023/02/S-Prancha-Special-Liss.png" />
	<meta property="og:image:width" content="1080" />
	<meta property="og:image:height" content="1080" />
	<meta property="og:image:type" content="image/png" />
<meta name="twitter:card" content="summary_large_image" />
<script type="application/ld+json" class="yoast-schema-graph">{"@context":"https:\/\/schema.org","@graph":[{"@type":"WebPage","@id":"https:\/\/www.sopro.pt\/es\/produto\/plancha-special-liss\/","url":"https:\/\/www.sopro.pt\/es\/produto\/plancha-special-liss\/","name":"PLANCHA SPECIAL LISS - Sopro - Equipamentos elétricos para cabeleireiro","isPartOf":{"@id":"https:\/\/www.sopro.pt\/es\/#website"},"primaryImageOfPage":{"@id":"https:\/\/www.sopro.pt\/es\/produto\/plancha-special-liss\/#primaryimage"},"image":{"@id":"https:\/\/www.sopro.pt\/es\/produto\/plancha-special-liss\/#primaryimage"},"thumbnailUrl":"https:\/\/www.sopro.pt\/wp-content\/uploads\/2023\/02\/S-Prancha-Special-Liss.png","datePublished":"2023-02-02T10:31:34+00:00","dateModified":"2024-05-03T12:06:10+00:00","description":"Professional - Equipamentos elétricos para cabeleireiro. A Sopro é uma marca Portuguesa de equipamentos elétricos do setor profissional de cabeleireiro.","breadcrumb":{"@id":"https:\/\/www.sopro.pt\/es\/produto\/plancha-special-liss\/#breadcrumb"},"inLanguage":"es","potentialAction":[{"@type":"ReadAction","target":["https:\/\/www.sopro.pt\/es\/produto\/plancha-special-liss\/"]}]},{"@type":"ImageObject","inLanguage":"es","@id":"https:\/\/www.sopro.pt\/es\/produto\/plancha-special-liss\/#primaryimage","url":"https:\/\/www.sopro.pt\/wp-content\/uploads\/2023\/02\/S-Prancha-Special-Liss.png","contentUrl":"https:\/\/www.sopro.pt\/wp-content\/uploads\/2023\/02\/S-Prancha-Special-Liss.png","width":1080,"height":1080,"caption":"Plancha Special Liss Sopro Professionals"},{"@type":"BreadcrumbList","@id":"https:\/\/www.sopro.pt\/es\/produto\/plancha-special-liss\/#breadcrumb","itemListElement":[{"@type":"ListItem","position":1,"name":"Início","item":"https:\/\/www.sopro.pt\/es\/home-2\/"},{"@type":"ListItem","position":2,"name":"Productos","item":"https:\/\/www.sopro.pt\/es\/shop\/"},{"@type":"ListItem","position":3,"name":"PLANCHA SPECIAL LISS"}]},{"@type":"WebSite","@id":"https:\/\/www.sopro.pt\/es\/#website","url":"https:\/\/www.sopro.pt\/es\/","name":"Sopro Professionals","description":"Professional - Equipamentos elétricos para cabeleireiro. A Sopro é uma marca Portuguesa de equipamentos elétricos do setor profissional de cabeleireiro.","publisher":{"@id":"https:\/\/www.sopro.pt\/es\/#organization"},"alternateName":"Sopro","potentialAction":[{"@type":"SearchAction","target":{"@type":"EntryPoint","urlTemplate":"https:\/\/www.sopro.pt\/es\/?s={search_term_string}"},"query-input":{"@type":"PropertyValueSpecification","valueRequired":true,"valueName":"search_term_string"}}],"inLanguage":"es"},{"@type":"Organization","@id":"https:\/\/www.sopro.pt\/es\/#organization","name":"Sopro Professionals","url":"https:\/\/www.sopro.pt\/es\/","logo":{"@type":"ImageObject","inLanguage":"es","@id":"https:\/\/www.sopro.pt\/es\/#\/schema\/logo\/image\/","url":"https:\/\/www.sopro.pt\/wp-content\/uploads\/2024\/01\/SOPRO-PROFESSIONALS-FAVICON-web.svg","contentUrl":"https:\/\/www.sopro.pt\/wp-content\/uploads\/2024\/01\/SOPRO-PROFESSIONALS-FAVICON-web.svg","width":512,"height":512,"caption":"Sopro Professionals"},"image":{"@id":"https:\/\/www.sopro.pt\/es\/#\/schema\/logo\/image\/"},"sameAs":["https:\/\/www.facebook.com\/soproprofessionals\/","https:\/\/www.instagram.com\/sopro_professionals\/"]}]}</script>
<!-- / Yoast SEO plugin. -->

PLANCHA SPECIAL LISS - Sopro - Equipamentos elétricos para cabeleireiro

Professional - Equipamentos elétricos para cabeleireiro. A Sopro é uma marca Portuguesa de equipamentos elétricos do setor profissional de cabeleireiro.

Sopro - Equipamentos elétricos para cabeleireiro

Início
