{"id":10781,"date":"2023-08-08T12:34:31","date_gmt":"2023-08-08T12:34:31","guid":{"rendered":"https:\/\/www.sopro.pt\/produto\/billete-special-day\/"},"modified":"2024-05-02T13:17:12","modified_gmt":"2024-05-02T13:17:12","slug":"billete-special-day","status":"publish","type":"product","link":"https:\/\/www.sopro.pt\/es\/produto\/billete-special-day\/","title":{"rendered":"BILLETE &#8211; SPECIAL DAY"},"content":{"rendered":"<p>Evento Special Day &#8211; Lisboa<br \/>\nFormaci\u00f3n \u2013 Evaluaci\u00f3n y An\u00e1lisis Capilar<\/p>\n<p style=\"font-weight: 400;\">Fecha: 8 de julio de 2024<\/p>\n<p style=\"font-weight: 400;\">Horario: 9h-18h<\/p>\n<p style=\"font-weight: 400;\">Formadora: F\u00e1tima Pinto<\/p>\n<p style=\"font-weight: 400;\">Valor convertible em compras Sopro Professionals.<\/p>\n<p style=\"font-weight: 400;\">Local: Lisboa \u2013 Associa\u00e7\u00e3o Portuguesa de Barbeiros, Cabeleireiros e Institutos de Beleza \u2013 APBCIB<br \/>\nEstaci\u00f3n de Metro: Areeiro<\/p>\n","protected":false},"excerpt":{"rendered":"<p>Acomp\u00e1\u00f1anos en una experiencia \u00fanica <strong>de D\u00cdA ESPECIAL<\/strong>, con una masterclass con F\u00e1tima Pinto, reconocida experta en evaluaci\u00f3n y diagn\u00f3stico capilar para peluqueros.<\/p>\n<p>Este evento exclusivo tend\u00e1 lugar en Lisboa el d\u00eda 8 de julio y promete ser enriquecedor e inspirador para todos los profesionales del \u00e1rea capilar.<br \/>\nDurante el Special Day, nuestra especialista va a compartir sus conocimientos y t\u00e9cnicas para ayudar a los profesionales del cabello a perfeccionar sus capacidades de evaluaci\u00f3n y diagn\u00f3stico capilar, elevando el n\u00edvel de su servicio.<\/p>\n<p>Esta es una oportunidad imperdible para aprender con una referencia en el sector.<\/p>\n<p>Reserva ya tu lugar y aprovecha esta oportunidad de desarrollo profesional!<\/p>\n<p>Valor convertible en compras Sopro Professionals!<\/p>\n","protected":false},"featured_media":0,"template":"","meta":[],"product_brand":[],"product_cat":[160,158],"product_tag":[],"class_list":{"0":"post-10781","1":"product","2":"type-product","3":"status-publish","5":"product_cat-peluqueria","6":"product_cat-todas-las-categorias","8":"first","9":"instock","10":"shipping-taxable","11":"purchasable","12":"product-type-simple"},"yoast_head":"<!-- This site is optimized with the Yoast SEO plugin v27.3 - https:\/\/yoast.com\/product\/yoast-seo-wordpress\/ -->\n<title>BILLETE - SPECIAL DAY - Sopro - Equipamentos el\u00e9tricos para cabeleireiro<\/title>\n<meta name=\"description\" content=\"Professional - Equipamentos el\u00e9tricos para cabeleireiro. A Sopro \u00e9 uma marca Portuguesa de equipamentos el\u00e9tricos do setor profissional de cabeleireiro.\" \/>\n<meta name=\"robots\" content=\"index, follow, max-snippet:-1, max-image-preview:large, max-video-preview:-1\" \/>\n<link rel=\"canonical\" href=\"https:\/\/www.sopro.pt\/es\/produto\/billete-special-day\/\" \/>\n<meta property=\"og:locale\" content=\"es_ES\" \/>\n<meta property=\"og:type\" content=\"article\" \/>\n<meta property=\"og:title\" content=\"BILLETE - SPECIAL DAY - Sopro - Equipamentos el\u00e9tricos para cabeleireiro\" \/>\n<meta property=\"og:description\" content=\"Professional - Equipamentos el\u00e9tricos para cabeleireiro. A Sopro \u00e9 uma marca Portuguesa de equipamentos el\u00e9tricos do setor profissional de cabeleireiro.\" \/>\n<meta property=\"og:url\" content=\"https:\/\/www.sopro.pt\/es\/produto\/billete-special-day\/\" \/>\n<meta property=\"og:site_name\" content=\"Sopro - Equipamentos el\u00e9tricos para cabeleireiro\" \/>\n<meta property=\"article:publisher\" content=\"https:\/\/www.facebook.com\/soproprofessionals\/\" \/>\n<meta property=\"article:modified_time\" content=\"2024-05-02T13:17:12+00:00\" \/>\n<meta property=\"og:image\" content=\"https:\/\/www.sopro.pt\/wp-content\/uploads\/2023\/08\/SpecialDay-Lisboa-24.jpg\" \/>\n\t<meta property=\"og:image:width\" content=\"1080\" \/>\n\t<meta property=\"og:image:height\" content=\"1080\" \/>\n\t<meta property=\"og:image:type\" content=\"image\/jpeg\" \/>\n<meta name=\"twitter:card\" content=\"summary_large_image\" \/>\n<script type=\"application\/ld+json\" class=\"yoast-schema-graph\">{\"@context\":\"https:\\\/\\\/schema.org\",\"@graph\":[{\"@type\":\"WebPage\",\"@id\":\"https:\\\/\\\/www.sopro.pt\\\/es\\\/produto\\\/billete-special-day\\\/\",\"url\":\"https:\\\/\\\/www.sopro.pt\\\/es\\\/produto\\\/billete-special-day\\\/\",\"name\":\"BILLETE - SPECIAL DAY - Sopro - Equipamentos el\u00e9tricos para cabeleireiro\",\"isPartOf\":{\"@id\":\"https:\\\/\\\/www.sopro.pt\\\/es\\\/#website\"},\"datePublished\":\"2023-08-08T12:34:31+00:00\",\"dateModified\":\"2024-05-02T13:17:12+00:00\",\"description\":\"Professional - Equipamentos el\u00e9tricos para cabeleireiro. A Sopro \u00e9 uma marca Portuguesa de equipamentos el\u00e9tricos do setor profissional de cabeleireiro.\",\"breadcrumb\":{\"@id\":\"https:\\\/\\\/www.sopro.pt\\\/es\\\/produto\\\/billete-special-day\\\/#breadcrumb\"},\"inLanguage\":\"es\",\"potentialAction\":[{\"@type\":\"ReadAction\",\"target\":[\"https:\\\/\\\/www.sopro.pt\\\/es\\\/produto\\\/billete-special-day\\\/\"]}]},{\"@type\":\"BreadcrumbList\",\"@id\":\"https:\\\/\\\/www.sopro.pt\\\/es\\\/produto\\\/billete-special-day\\\/#breadcrumb\",\"itemListElement\":[{\"@type\":\"ListItem\",\"position\":1,\"name\":\"In\u00edcio\",\"item\":\"https:\\\/\\\/www.sopro.pt\\\/es\\\/home-2\\\/\"},{\"@type\":\"ListItem\",\"position\":2,\"name\":\"Productos\",\"item\":\"https:\\\/\\\/www.sopro.pt\\\/es\\\/shop\\\/\"},{\"@type\":\"ListItem\",\"position\":3,\"name\":\"BILLETE &#8211; SPECIAL DAY\"}]},{\"@type\":\"WebSite\",\"@id\":\"https:\\\/\\\/www.sopro.pt\\\/es\\\/#website\",\"url\":\"https:\\\/\\\/www.sopro.pt\\\/es\\\/\",\"name\":\"Sopro Professionals\",\"description\":\"Professional - Equipamentos el\u00e9tricos para cabeleireiro. A Sopro \u00e9 uma marca Portuguesa de equipamentos el\u00e9tricos do setor profissional de cabeleireiro.\",\"publisher\":{\"@id\":\"https:\\\/\\\/www.sopro.pt\\\/es\\\/#organization\"},\"alternateName\":\"Sopro\",\"potentialAction\":[{\"@type\":\"SearchAction\",\"target\":{\"@type\":\"EntryPoint\",\"urlTemplate\":\"https:\\\/\\\/www.sopro.pt\\\/es\\\/?s={search_term_string}\"},\"query-input\":{\"@type\":\"PropertyValueSpecification\",\"valueRequired\":true,\"valueName\":\"search_term_string\"}}],\"inLanguage\":\"es\"},{\"@type\":\"Organization\",\"@id\":\"https:\\\/\\\/www.sopro.pt\\\/es\\\/#organization\",\"name\":\"Sopro Professionals\",\"url\":\"https:\\\/\\\/www.sopro.pt\\\/es\\\/\",\"logo\":{\"@type\":\"ImageObject\",\"inLanguage\":\"es\",\"@id\":\"https:\\\/\\\/www.sopro.pt\\\/es\\\/#\\\/schema\\\/logo\\\/image\\\/\",\"url\":\"https:\\\/\\\/www.sopro.pt\\\/wp-content\\\/uploads\\\/2024\\\/01\\\/SOPRO-PROFESSIONALS-FAVICON-web.svg\",\"contentUrl\":\"https:\\\/\\\/www.sopro.pt\\\/wp-content\\\/uploads\\\/2024\\\/01\\\/SOPRO-PROFESSIONALS-FAVICON-web.svg\",\"width\":512,\"height\":512,\"caption\":\"Sopro Professionals\"},\"image\":{\"@id\":\"https:\\\/\\\/www.sopro.pt\\\/es\\\/#\\\/schema\\\/logo\\\/image\\\/\"},\"sameAs\":[\"https:\\\/\\\/www.facebook.com\\\/soproprofessionals\\\/\",\"https:\\\/\\\/www.instagram.com\\\/sopro_professionals\\\/\"]}]}<\/script>\n<!-- \/ Yoast SEO plugin. -->","yoast_head_json":{"title":"BILLETE - SPECIAL DAY - Sopro - Equipamentos el\u00e9tricos para cabeleireiro","description":"Professional - Equipamentos el\u00e9tricos para cabeleireiro. A Sopro \u00e9 uma marca Portuguesa de equipamentos el\u00e9tricos do setor profissional de cabeleireiro.","robots":{"index":"index","follow":"follow","max-snippet":"max-snippet:-1","max-image-preview":"max-image-preview:large","max-video-preview":"max-video-preview:-1"},"canonical":"https:\/\/www.sopro.pt\/es\/produto\/billete-special-day\/","og_locale":"es_ES","og_type":"article","og_title":"BILLETE - SPECIAL DAY - Sopro - Equipamentos el\u00e9tricos para cabeleireiro","og_description":"Professional - Equipamentos el\u00e9tricos para cabeleireiro. A Sopro \u00e9 uma marca Portuguesa de equipamentos el\u00e9tricos do setor profissional de cabeleireiro.","og_url":"https:\/\/www.sopro.pt\/es\/produto\/billete-special-day\/","og_site_name":"Sopro - Equipamentos el\u00e9tricos para cabeleireiro","article_publisher":"https:\/\/www.facebook.com\/soproprofessionals\/","article_modified_time":"2024-05-02T13:17:12+00:00","og_image":[{"width":1080,"height":1080,"url":"https:\/\/www.sopro.pt\/wp-content\/uploads\/2023\/08\/SpecialDay-Lisboa-24.jpg","type":"image\/jpeg"}],"twitter_card":"summary_large_image","schema":{"@context":"https:\/\/schema.org","@graph":[{"@type":"WebPage","@id":"https:\/\/www.sopro.pt\/es\/produto\/billete-special-day\/","url":"https:\/\/www.sopro.pt\/es\/produto\/billete-special-day\/","name":"BILLETE - SPECIAL DAY - Sopro - Equipamentos el\u00e9tricos para cabeleireiro","isPartOf":{"@id":"https:\/\/www.sopro.pt\/es\/#website"},"datePublished":"2023-08-08T12:34:31+00:00","dateModified":"2024-05-02T13:17:12+00:00","description":"Professional - Equipamentos el\u00e9tricos para cabeleireiro. A Sopro \u00e9 uma marca Portuguesa de equipamentos el\u00e9tricos do setor profissional de cabeleireiro.","breadcrumb":{"@id":"https:\/\/www.sopro.pt\/es\/produto\/billete-special-day\/#breadcrumb"},"inLanguage":"es","potentialAction":[{"@type":"ReadAction","target":["https:\/\/www.sopro.pt\/es\/produto\/billete-special-day\/"]}]},{"@type":"BreadcrumbList","@id":"https:\/\/www.sopro.pt\/es\/produto\/billete-special-day\/#breadcrumb","itemListElement":[{"@type":"ListItem","position":1,"name":"In\u00edcio","item":"https:\/\/www.sopro.pt\/es\/home-2\/"},{"@type":"ListItem","position":2,"name":"Productos","item":"https:\/\/www.sopro.pt\/es\/shop\/"},{"@type":"ListItem","position":3,"name":"BILLETE &#8211; SPECIAL DAY"}]},{"@type":"WebSite","@id":"https:\/\/www.sopro.pt\/es\/#website","url":"https:\/\/www.sopro.pt\/es\/","name":"Sopro Professionals","description":"Professional - Equipamentos el\u00e9tricos para cabeleireiro. A Sopro \u00e9 uma marca Portuguesa de equipamentos el\u00e9tricos do setor profissional de cabeleireiro.","publisher":{"@id":"https:\/\/www.sopro.pt\/es\/#organization"},"alternateName":"Sopro","potentialAction":[{"@type":"SearchAction","target":{"@type":"EntryPoint","urlTemplate":"https:\/\/www.sopro.pt\/es\/?s={search_term_string}"},"query-input":{"@type":"PropertyValueSpecification","valueRequired":true,"valueName":"search_term_string"}}],"inLanguage":"es"},{"@type":"Organization","@id":"https:\/\/www.sopro.pt\/es\/#organization","name":"Sopro Professionals","url":"https:\/\/www.sopro.pt\/es\/","logo":{"@type":"ImageObject","inLanguage":"es","@id":"https:\/\/www.sopro.pt\/es\/#\/schema\/logo\/image\/","url":"https:\/\/www.sopro.pt\/wp-content\/uploads\/2024\/01\/SOPRO-PROFESSIONALS-FAVICON-web.svg","contentUrl":"https:\/\/www.sopro.pt\/wp-content\/uploads\/2024\/01\/SOPRO-PROFESSIONALS-FAVICON-web.svg","width":512,"height":512,"caption":"Sopro Professionals"},"image":{"@id":"https:\/\/www.sopro.pt\/es\/#\/schema\/logo\/image\/"},"sameAs":["https:\/\/www.facebook.com\/soproprofessionals\/","https:\/\/www.instagram.com\/sopro_professionals\/"]}]}},"_links":{"self":[{"href":"https:\/\/www.sopro.pt\/es\/wp-json\/wp\/v2\/product\/10781","targetHints":{"allow":["GET"]}}],"collection":[{"href":"https:\/\/www.sopro.pt\/es\/wp-json\/wp\/v2\/product"}],"about":[{"href":"https:\/\/www.sopro.pt\/es\/wp-json\/wp\/v2\/types\/product"}],"version-history":[{"count":1,"href":"https:\/\/www.sopro.pt\/es\/wp-json\/wp\/v2\/product\/10781\/revisions"}],"predecessor-version":[{"id":10783,"href":"https:\/\/www.sopro.pt\/es\/wp-json\/wp\/v2\/product\/10781\/revisions\/10783"}],"wp:attachment":[{"href":"https:\/\/www.sopro.pt\/es\/wp-json\/wp\/v2\/media?parent=10781"}],"wp:term":[{"taxonomy":"product_brand","embeddable":true,"href":"https:\/\/www.sopro.pt\/es\/wp-json\/wp\/v2\/product_brand?post=10781"},{"taxonomy":"product_cat","embeddable":true,"href":"https:\/\/www.sopro.pt\/es\/wp-json\/wp\/v2\/product_cat?post=10781"},{"taxonomy":"product_tag","embeddable":true,"href":"https:\/\/www.sopro.pt\/es\/wp-json\/wp\/v2\/product_tag?post=10781"}],"curies":[{"name":"wp","href":"https:\/\/api.w.org\/{rel}","templated":true}]}}

<p>Evento Special Day &#8211; Lisboa<br />
Formación – Evaluación y Análisis Capilar</p>
<p style="font-weight: 400;">Fecha: 8 de julio de 2024</p>
<p style="font-weight: 400;">Horario: 9h-18h</p>
<p style="font-weight: 400;">Formadora: Fátima Pinto</p>
<p style="font-weight: 400;">Valor convertible em compras Sopro Professionals.</p>
<p style="font-weight: 400;">Local: Lisboa – Associação Portuguesa de Barbeiros, Cabeleireiros e Institutos de Beleza – APBCIB<br />
Estación de Metro: Areeiro</p>

<p>Acompáñanos en una experiencia única <strong>de DÍA ESPECIAL</strong>, con una masterclass con Fátima Pinto, reconocida experta en evaluación y diagnóstico capilar para peluqueros.</p>
<p>Este evento exclusivo tendá lugar en Lisboa el día 8 de julio y promete ser enriquecedor e inspirador para todos los profesionales del área capilar.<br />
Durante el Special Day, nuestra especialista va a compartir sus conocimientos y técnicas para ayudar a los profesionales del cabello a perfeccionar sus capacidades de evaluación y diagnóstico capilar, elevando el nível de su servicio.</p>
<p>Esta es una oportunidad imperdible para aprender con una referencia en el sector.</p>
<p>Reserva ya tu lugar y aprovecha esta oportunidad de desarrollo profesional!</p>
<p>Valor convertible en compras Sopro Professionals!</p>

<!-- This site is optimized with the Yoast SEO plugin v27.3 - https://yoast.com/product/yoast-seo-wordpress/ -->
<title>BILLETE - SPECIAL DAY - Sopro - Equipamentos elétricos para cabeleireiro</title>
<meta name="description" content="Professional - Equipamentos elétricos para cabeleireiro. A Sopro é uma marca Portuguesa de equipamentos elétricos do setor profissional de cabeleireiro." />
<meta name="robots" content="index, follow, max-snippet:-1, max-image-preview:large, max-video-preview:-1" />
<link rel="canonical" href="https://www.sopro.pt/es/produto/billete-special-day/" />
<meta property="og:locale" content="es_ES" />
<meta property="og:type" content="article" />
<meta property="og:title" content="BILLETE - SPECIAL DAY - Sopro - Equipamentos elétricos para cabeleireiro" />
<meta property="og:description" content="Professional - Equipamentos elétricos para cabeleireiro. A Sopro é uma marca Portuguesa de equipamentos elétricos do setor profissional de cabeleireiro." />
<meta property="og:url" content="https://www.sopro.pt/es/produto/billete-special-day/" />
<meta property="og:site_name" content="Sopro - Equipamentos elétricos para cabeleireiro" />
<meta property="article:publisher" content="https://www.facebook.com/soproprofessionals/" />
<meta property="article:modified_time" content="2024-05-02T13:17:12+00:00" />
<meta property="og:image" content="https://www.sopro.pt/wp-content/uploads/2023/08/SpecialDay-Lisboa-24.jpg" />
	<meta property="og:image:width" content="1080" />
	<meta property="og:image:height" content="1080" />
	<meta property="og:image:type" content="image/jpeg" />
<meta name="twitter:card" content="summary_large_image" />
<script type="application/ld+json" class="yoast-schema-graph">{"@context":"https:\/\/schema.org","@graph":[{"@type":"WebPage","@id":"https:\/\/www.sopro.pt\/es\/produto\/billete-special-day\/","url":"https:\/\/www.sopro.pt\/es\/produto\/billete-special-day\/","name":"BILLETE - SPECIAL DAY - Sopro - Equipamentos elétricos para cabeleireiro","isPartOf":{"@id":"https:\/\/www.sopro.pt\/es\/#website"},"datePublished":"2023-08-08T12:34:31+00:00","dateModified":"2024-05-02T13:17:12+00:00","description":"Professional - Equipamentos elétricos para cabeleireiro. A Sopro é uma marca Portuguesa de equipamentos elétricos do setor profissional de cabeleireiro.","breadcrumb":{"@id":"https:\/\/www.sopro.pt\/es\/produto\/billete-special-day\/#breadcrumb"},"inLanguage":"es","potentialAction":[{"@type":"ReadAction","target":["https:\/\/www.sopro.pt\/es\/produto\/billete-special-day\/"]}]},{"@type":"BreadcrumbList","@id":"https:\/\/www.sopro.pt\/es\/produto\/billete-special-day\/#breadcrumb","itemListElement":[{"@type":"ListItem","position":1,"name":"Início","item":"https:\/\/www.sopro.pt\/es\/home-2\/"},{"@type":"ListItem","position":2,"name":"Productos","item":"https:\/\/www.sopro.pt\/es\/shop\/"},{"@type":"ListItem","position":3,"name":"BILLETE &#8211; SPECIAL DAY"}]},{"@type":"WebSite","@id":"https:\/\/www.sopro.pt\/es\/#website","url":"https:\/\/www.sopro.pt\/es\/","name":"Sopro Professionals","description":"Professional - Equipamentos elétricos para cabeleireiro. A Sopro é uma marca Portuguesa de equipamentos elétricos do setor profissional de cabeleireiro.","publisher":{"@id":"https:\/\/www.sopro.pt\/es\/#organization"},"alternateName":"Sopro","potentialAction":[{"@type":"SearchAction","target":{"@type":"EntryPoint","urlTemplate":"https:\/\/www.sopro.pt\/es\/?s={search_term_string}"},"query-input":{"@type":"PropertyValueSpecification","valueRequired":true,"valueName":"search_term_string"}}],"inLanguage":"es"},{"@type":"Organization","@id":"https:\/\/www.sopro.pt\/es\/#organization","name":"Sopro Professionals","url":"https:\/\/www.sopro.pt\/es\/","logo":{"@type":"ImageObject","inLanguage":"es","@id":"https:\/\/www.sopro.pt\/es\/#\/schema\/logo\/image\/","url":"https:\/\/www.sopro.pt\/wp-content\/uploads\/2024\/01\/SOPRO-PROFESSIONALS-FAVICON-web.svg","contentUrl":"https:\/\/www.sopro.pt\/wp-content\/uploads\/2024\/01\/SOPRO-PROFESSIONALS-FAVICON-web.svg","width":512,"height":512,"caption":"Sopro Professionals"},"image":{"@id":"https:\/\/www.sopro.pt\/es\/#\/schema\/logo\/image\/"},"sameAs":["https:\/\/www.facebook.com\/soproprofessionals\/","https:\/\/www.instagram.com\/sopro_professionals\/"]}]}</script>
<!-- / Yoast SEO plugin. -->

BILLETE - SPECIAL DAY - Sopro - Equipamentos elétricos para cabeleireiro

Professional - Equipamentos elétricos para cabeleireiro. A Sopro é uma marca Portuguesa de equipamentos elétricos do setor profissional de cabeleireiro.

Sopro - Equipamentos elétricos para cabeleireiro

Início
