{"id":10777,"date":"2023-09-28T08:07:05","date_gmt":"2023-09-28T08:07:05","guid":{"rendered":"https:\/\/www.sopro.pt\/?post_type=product&#038;p=10777"},"modified":"2024-05-02T13:01:20","modified_gmt":"2024-05-02T13:01:20","slug":"campana-special-liss-keratin","status":"publish","type":"product","link":"https:\/\/www.sopro.pt\/en\/produto\/campana-special-liss-keratin\/","title":{"rendered":"CAMPA\u00d1A SPECIAL LISS &amp; KERATIN"},"content":{"rendered":"<p class=\"p1\">\ud83d\udd25 \u00a1La combinaci\u00f3n que los profesionales adoran!<\/p>\n<p class=\"p1\">Nuestra Special Liss, la plancha de alisado profesional con control digital de temperatura (80\u00ba &#8211; 250\u00ba), con placas recubiertas de titanio, se une ahora a la mascarilla Special Keratin Gold de Chic a Valer, enriquecida con Arg\u00e1n, Mirra y Ojon. El d\u00fao perfecto para resultados con un brillo dorado \ud83d\udc87\u200d\u2640\ufe0f\u2728<\/p>\n<p class=\"p1\">*Campa\u00f1a v\u00e1lida hasta el 31 de diciembre de 2023<br \/>\n*Ahorra 60\u20ac<\/p>\n","protected":false},"excerpt":{"rendered":"<div class=\"flex-shrink-0 flex flex-col relative items-end\">\n<div class=\"pt-0.5\">\n<div class=\"gizmo-shadow-stroke flex h-6 w-6 items-center justify-center overflow-hidden rounded-full\">\n<div class=\"relative p-1 rounded-sm h-9 w-9 text-white flex items-center justify-center\">\u00a1El d\u00fao perfecto para cabellos lisos y brillantes! Plancha Special Liss + Mascarilla Special Keratin Gold de Chic a Valer. Resultados incre\u00edbles, brillo dorado. Aprovecha la campa\u00f1a. \u00a1Ahorra 60\u20ac! \ud83d\udc87\u200d\u2640\ufe0f\u2728<\/div>\n<\/div>\n<\/div>\n<\/div>\n","protected":false},"featured_media":10073,"template":"","meta":[],"product_brand":[],"product_cat":[157,163],"product_tag":[],"class_list":{"0":"post-10777","1":"product","2":"type-product","3":"status-publish","4":"has-post-thumbnail","6":"product_cat-all-categories","7":"product_cat-sales-professionals","9":"first","10":"instock","11":"shipping-taxable","12":"purchasable","13":"product-type-simple"},"yoast_head":"<!-- This site is optimized with the Yoast SEO plugin v27.3 - https:\/\/yoast.com\/product\/yoast-seo-wordpress\/ -->\n<title>CAMPA\u00d1A SPECIAL LISS &amp; KERATIN - Sopro - Equipamentos el\u00e9tricos para cabeleireiro<\/title>\n<meta name=\"description\" content=\"Professional - Equipamentos el\u00e9tricos para cabeleireiro. A Sopro \u00e9 uma marca Portuguesa de equipamentos el\u00e9tricos do setor profissional de cabeleireiro.\" \/>\n<meta name=\"robots\" content=\"index, follow, max-snippet:-1, max-image-preview:large, max-video-preview:-1\" \/>\n<link rel=\"canonical\" href=\"https:\/\/www.sopro.pt\/en\/produto\/campana-special-liss-keratin\/\" \/>\n<meta property=\"og:locale\" content=\"en_US\" \/>\n<meta property=\"og:type\" content=\"article\" \/>\n<meta property=\"og:title\" content=\"CAMPA\u00d1A SPECIAL LISS &amp; KERATIN - Sopro - Equipamentos el\u00e9tricos para cabeleireiro\" \/>\n<meta property=\"og:description\" content=\"Professional - Equipamentos el\u00e9tricos para cabeleireiro. A Sopro \u00e9 uma marca Portuguesa de equipamentos el\u00e9tricos do setor profissional de cabeleireiro.\" \/>\n<meta property=\"og:url\" content=\"https:\/\/www.sopro.pt\/en\/produto\/campana-special-liss-keratin\/\" \/>\n<meta property=\"og:site_name\" content=\"Sopro - Equipamentos el\u00e9tricos para cabeleireiro\" \/>\n<meta property=\"article:publisher\" content=\"https:\/\/www.facebook.com\/soproprofessionals\/\" \/>\n<meta property=\"article:modified_time\" content=\"2024-05-02T13:01:20+00:00\" \/>\n<meta property=\"og:image\" content=\"https:\/\/www.sopro.pt\/wp-content\/uploads\/2023\/09\/IG-posts-29.jpg\" \/>\n\t<meta property=\"og:image:width\" content=\"1080\" \/>\n\t<meta property=\"og:image:height\" content=\"1080\" \/>\n\t<meta property=\"og:image:type\" content=\"image\/jpeg\" \/>\n<meta name=\"twitter:card\" content=\"summary_large_image\" \/>\n<script type=\"application\/ld+json\" class=\"yoast-schema-graph\">{\"@context\":\"https:\\\/\\\/schema.org\",\"@graph\":[{\"@type\":\"WebPage\",\"@id\":\"https:\\\/\\\/www.sopro.pt\\\/en\\\/produto\\\/campana-special-liss-keratin\\\/\",\"url\":\"https:\\\/\\\/www.sopro.pt\\\/en\\\/produto\\\/campana-special-liss-keratin\\\/\",\"name\":\"CAMPA\u00d1A SPECIAL LISS &amp; KERATIN - Sopro - Equipamentos el\u00e9tricos para cabeleireiro\",\"isPartOf\":{\"@id\":\"https:\\\/\\\/www.sopro.pt\\\/en\\\/#website\"},\"primaryImageOfPage\":{\"@id\":\"https:\\\/\\\/www.sopro.pt\\\/en\\\/produto\\\/campana-special-liss-keratin\\\/#primaryimage\"},\"image\":{\"@id\":\"https:\\\/\\\/www.sopro.pt\\\/en\\\/produto\\\/campana-special-liss-keratin\\\/#primaryimage\"},\"thumbnailUrl\":\"https:\\\/\\\/www.sopro.pt\\\/wp-content\\\/uploads\\\/2023\\\/09\\\/IG-posts-29.jpg\",\"datePublished\":\"2023-09-28T08:07:05+00:00\",\"dateModified\":\"2024-05-02T13:01:20+00:00\",\"description\":\"Professional - Equipamentos el\u00e9tricos para cabeleireiro. A Sopro \u00e9 uma marca Portuguesa de equipamentos el\u00e9tricos do setor profissional de cabeleireiro.\",\"breadcrumb\":{\"@id\":\"https:\\\/\\\/www.sopro.pt\\\/en\\\/produto\\\/campana-special-liss-keratin\\\/#breadcrumb\"},\"inLanguage\":\"en-US\",\"potentialAction\":[{\"@type\":\"ReadAction\",\"target\":[\"https:\\\/\\\/www.sopro.pt\\\/en\\\/produto\\\/campana-special-liss-keratin\\\/\"]}]},{\"@type\":\"ImageObject\",\"inLanguage\":\"en-US\",\"@id\":\"https:\\\/\\\/www.sopro.pt\\\/en\\\/produto\\\/campana-special-liss-keratin\\\/#primaryimage\",\"url\":\"https:\\\/\\\/www.sopro.pt\\\/wp-content\\\/uploads\\\/2023\\\/09\\\/IG-posts-29.jpg\",\"contentUrl\":\"https:\\\/\\\/www.sopro.pt\\\/wp-content\\\/uploads\\\/2023\\\/09\\\/IG-posts-29.jpg\",\"width\":1080,\"height\":1080,\"caption\":\"Campa\u00f1a Special Liss - Keratin\"},{\"@type\":\"BreadcrumbList\",\"@id\":\"https:\\\/\\\/www.sopro.pt\\\/en\\\/produto\\\/campana-special-liss-keratin\\\/#breadcrumb\",\"itemListElement\":[{\"@type\":\"ListItem\",\"position\":1,\"name\":\"In\u00edcio\",\"item\":\"https:\\\/\\\/www.sopro.pt\\\/en\\\/home-2\\\/\"},{\"@type\":\"ListItem\",\"position\":2,\"name\":\"Products\",\"item\":\"https:\\\/\\\/www.sopro.pt\\\/en\\\/shop\\\/\"},{\"@type\":\"ListItem\",\"position\":3,\"name\":\"CAMPA\u00d1A SPECIAL LISS &amp; KERATIN\"}]},{\"@type\":\"WebSite\",\"@id\":\"https:\\\/\\\/www.sopro.pt\\\/en\\\/#website\",\"url\":\"https:\\\/\\\/www.sopro.pt\\\/en\\\/\",\"name\":\"Sopro Professionals\",\"description\":\"Professional - Equipamentos el\u00e9tricos para cabeleireiro. A Sopro \u00e9 uma marca Portuguesa de equipamentos el\u00e9tricos do setor profissional de cabeleireiro.\",\"publisher\":{\"@id\":\"https:\\\/\\\/www.sopro.pt\\\/en\\\/#organization\"},\"alternateName\":\"Sopro\",\"potentialAction\":[{\"@type\":\"SearchAction\",\"target\":{\"@type\":\"EntryPoint\",\"urlTemplate\":\"https:\\\/\\\/www.sopro.pt\\\/en\\\/?s={search_term_string}\"},\"query-input\":{\"@type\":\"PropertyValueSpecification\",\"valueRequired\":true,\"valueName\":\"search_term_string\"}}],\"inLanguage\":\"en-US\"},{\"@type\":\"Organization\",\"@id\":\"https:\\\/\\\/www.sopro.pt\\\/en\\\/#organization\",\"name\":\"Sopro Professionals\",\"url\":\"https:\\\/\\\/www.sopro.pt\\\/en\\\/\",\"logo\":{\"@type\":\"ImageObject\",\"inLanguage\":\"en-US\",\"@id\":\"https:\\\/\\\/www.sopro.pt\\\/en\\\/#\\\/schema\\\/logo\\\/image\\\/\",\"url\":\"https:\\\/\\\/www.sopro.pt\\\/wp-content\\\/uploads\\\/2024\\\/01\\\/SOPRO-PROFESSIONALS-FAVICON-web.svg\",\"contentUrl\":\"https:\\\/\\\/www.sopro.pt\\\/wp-content\\\/uploads\\\/2024\\\/01\\\/SOPRO-PROFESSIONALS-FAVICON-web.svg\",\"width\":512,\"height\":512,\"caption\":\"Sopro Professionals\"},\"image\":{\"@id\":\"https:\\\/\\\/www.sopro.pt\\\/en\\\/#\\\/schema\\\/logo\\\/image\\\/\"},\"sameAs\":[\"https:\\\/\\\/www.facebook.com\\\/soproprofessionals\\\/\",\"https:\\\/\\\/www.instagram.com\\\/sopro_professionals\\\/\"]}]}<\/script>\n<!-- \/ Yoast SEO plugin. -->","yoast_head_json":{"title":"CAMPA\u00d1A SPECIAL LISS &amp; KERATIN - Sopro - Equipamentos el\u00e9tricos para cabeleireiro","description":"Professional - Equipamentos el\u00e9tricos para cabeleireiro. A Sopro \u00e9 uma marca Portuguesa de equipamentos el\u00e9tricos do setor profissional de cabeleireiro.","robots":{"index":"index","follow":"follow","max-snippet":"max-snippet:-1","max-image-preview":"max-image-preview:large","max-video-preview":"max-video-preview:-1"},"canonical":"https:\/\/www.sopro.pt\/en\/produto\/campana-special-liss-keratin\/","og_locale":"en_US","og_type":"article","og_title":"CAMPA\u00d1A SPECIAL LISS &amp; KERATIN - Sopro - Equipamentos el\u00e9tricos para cabeleireiro","og_description":"Professional - Equipamentos el\u00e9tricos para cabeleireiro. A Sopro \u00e9 uma marca Portuguesa de equipamentos el\u00e9tricos do setor profissional de cabeleireiro.","og_url":"https:\/\/www.sopro.pt\/en\/produto\/campana-special-liss-keratin\/","og_site_name":"Sopro - Equipamentos el\u00e9tricos para cabeleireiro","article_publisher":"https:\/\/www.facebook.com\/soproprofessionals\/","article_modified_time":"2024-05-02T13:01:20+00:00","og_image":[{"width":1080,"height":1080,"url":"https:\/\/www.sopro.pt\/wp-content\/uploads\/2023\/09\/IG-posts-29.jpg","type":"image\/jpeg"}],"twitter_card":"summary_large_image","schema":{"@context":"https:\/\/schema.org","@graph":[{"@type":"WebPage","@id":"https:\/\/www.sopro.pt\/en\/produto\/campana-special-liss-keratin\/","url":"https:\/\/www.sopro.pt\/en\/produto\/campana-special-liss-keratin\/","name":"CAMPA\u00d1A SPECIAL LISS &amp; KERATIN - Sopro - Equipamentos el\u00e9tricos para cabeleireiro","isPartOf":{"@id":"https:\/\/www.sopro.pt\/en\/#website"},"primaryImageOfPage":{"@id":"https:\/\/www.sopro.pt\/en\/produto\/campana-special-liss-keratin\/#primaryimage"},"image":{"@id":"https:\/\/www.sopro.pt\/en\/produto\/campana-special-liss-keratin\/#primaryimage"},"thumbnailUrl":"https:\/\/www.sopro.pt\/wp-content\/uploads\/2023\/09\/IG-posts-29.jpg","datePublished":"2023-09-28T08:07:05+00:00","dateModified":"2024-05-02T13:01:20+00:00","description":"Professional - Equipamentos el\u00e9tricos para cabeleireiro. A Sopro \u00e9 uma marca Portuguesa de equipamentos el\u00e9tricos do setor profissional de cabeleireiro.","breadcrumb":{"@id":"https:\/\/www.sopro.pt\/en\/produto\/campana-special-liss-keratin\/#breadcrumb"},"inLanguage":"en-US","potentialAction":[{"@type":"ReadAction","target":["https:\/\/www.sopro.pt\/en\/produto\/campana-special-liss-keratin\/"]}]},{"@type":"ImageObject","inLanguage":"en-US","@id":"https:\/\/www.sopro.pt\/en\/produto\/campana-special-liss-keratin\/#primaryimage","url":"https:\/\/www.sopro.pt\/wp-content\/uploads\/2023\/09\/IG-posts-29.jpg","contentUrl":"https:\/\/www.sopro.pt\/wp-content\/uploads\/2023\/09\/IG-posts-29.jpg","width":1080,"height":1080,"caption":"Campa\u00f1a Special Liss - Keratin"},{"@type":"BreadcrumbList","@id":"https:\/\/www.sopro.pt\/en\/produto\/campana-special-liss-keratin\/#breadcrumb","itemListElement":[{"@type":"ListItem","position":1,"name":"In\u00edcio","item":"https:\/\/www.sopro.pt\/en\/home-2\/"},{"@type":"ListItem","position":2,"name":"Products","item":"https:\/\/www.sopro.pt\/en\/shop\/"},{"@type":"ListItem","position":3,"name":"CAMPA\u00d1A SPECIAL LISS &amp; KERATIN"}]},{"@type":"WebSite","@id":"https:\/\/www.sopro.pt\/en\/#website","url":"https:\/\/www.sopro.pt\/en\/","name":"Sopro Professionals","description":"Professional - Equipamentos el\u00e9tricos para cabeleireiro. A Sopro \u00e9 uma marca Portuguesa de equipamentos el\u00e9tricos do setor profissional de cabeleireiro.","publisher":{"@id":"https:\/\/www.sopro.pt\/en\/#organization"},"alternateName":"Sopro","potentialAction":[{"@type":"SearchAction","target":{"@type":"EntryPoint","urlTemplate":"https:\/\/www.sopro.pt\/en\/?s={search_term_string}"},"query-input":{"@type":"PropertyValueSpecification","valueRequired":true,"valueName":"search_term_string"}}],"inLanguage":"en-US"},{"@type":"Organization","@id":"https:\/\/www.sopro.pt\/en\/#organization","name":"Sopro Professionals","url":"https:\/\/www.sopro.pt\/en\/","logo":{"@type":"ImageObject","inLanguage":"en-US","@id":"https:\/\/www.sopro.pt\/en\/#\/schema\/logo\/image\/","url":"https:\/\/www.sopro.pt\/wp-content\/uploads\/2024\/01\/SOPRO-PROFESSIONALS-FAVICON-web.svg","contentUrl":"https:\/\/www.sopro.pt\/wp-content\/uploads\/2024\/01\/SOPRO-PROFESSIONALS-FAVICON-web.svg","width":512,"height":512,"caption":"Sopro Professionals"},"image":{"@id":"https:\/\/www.sopro.pt\/en\/#\/schema\/logo\/image\/"},"sameAs":["https:\/\/www.facebook.com\/soproprofessionals\/","https:\/\/www.instagram.com\/sopro_professionals\/"]}]}},"_links":{"self":[{"href":"https:\/\/www.sopro.pt\/en\/wp-json\/wp\/v2\/product\/10777","targetHints":{"allow":["GET"]}}],"collection":[{"href":"https:\/\/www.sopro.pt\/en\/wp-json\/wp\/v2\/product"}],"about":[{"href":"https:\/\/www.sopro.pt\/en\/wp-json\/wp\/v2\/types\/product"}],"version-history":[{"count":1,"href":"https:\/\/www.sopro.pt\/en\/wp-json\/wp\/v2\/product\/10777\/revisions"}],"predecessor-version":[{"id":10778,"href":"https:\/\/www.sopro.pt\/en\/wp-json\/wp\/v2\/product\/10777\/revisions\/10778"}],"wp:featuredmedia":[{"embeddable":true,"href":"https:\/\/www.sopro.pt\/en\/wp-json\/wp\/v2\/media\/10073"}],"wp:attachment":[{"href":"https:\/\/www.sopro.pt\/en\/wp-json\/wp\/v2\/media?parent=10777"}],"wp:term":[{"taxonomy":"product_brand","embeddable":true,"href":"https:\/\/www.sopro.pt\/en\/wp-json\/wp\/v2\/product_brand?post=10777"},{"taxonomy":"product_cat","embeddable":true,"href":"https:\/\/www.sopro.pt\/en\/wp-json\/wp\/v2\/product_cat?post=10777"},{"taxonomy":"product_tag","embeddable":true,"href":"https:\/\/www.sopro.pt\/en\/wp-json\/wp\/v2\/product_tag?post=10777"}],"curies":[{"name":"wp","href":"https:\/\/api.w.org\/{rel}","templated":true}]}}

CAMPAÑA SPECIAL LISS &amp; KERATIN

<p class="p1">🔥 ¡La combinación que los profesionales adoran!</p>
<p class="p1">Nuestra Special Liss, la plancha de alisado profesional con control digital de temperatura (80º &#8211; 250º), con placas recubiertas de titanio, se une ahora a la mascarilla Special Keratin Gold de Chic a Valer, enriquecida con Argán, Mirra y Ojon. El dúo perfecto para resultados con un brillo dorado 💇‍♀️✨</p>
<p class="p1">*Campaña válida hasta el 31 de diciembre de 2023<br />
*Ahorra 60€</p>

<div class="flex-shrink-0 flex flex-col relative items-end">
<div class="pt-0.5">
<div class="gizmo-shadow-stroke flex h-6 w-6 items-center justify-center overflow-hidden rounded-full">
<div class="relative p-1 rounded-sm h-9 w-9 text-white flex items-center justify-center">¡El dúo perfecto para cabellos lisos y brillantes! Plancha Special Liss + Mascarilla Special Keratin Gold de Chic a Valer. Resultados increíbles, brillo dorado. Aprovecha la campaña. ¡Ahorra 60€! 💇‍♀️✨</div>
</div>
</div>
</div>

<!-- This site is optimized with the Yoast SEO plugin v27.3 - https://yoast.com/product/yoast-seo-wordpress/ -->
<title>CAMPAÑA SPECIAL LISS &amp; KERATIN - Sopro - Equipamentos elétricos para cabeleireiro</title>
<meta name="description" content="Professional - Equipamentos elétricos para cabeleireiro. A Sopro é uma marca Portuguesa de equipamentos elétricos do setor profissional de cabeleireiro." />
<meta name="robots" content="index, follow, max-snippet:-1, max-image-preview:large, max-video-preview:-1" />
<link rel="canonical" href="https://www.sopro.pt/en/produto/campana-special-liss-keratin/" />
<meta property="og:locale" content="en_US" />
<meta property="og:type" content="article" />
<meta property="og:title" content="CAMPAÑA SPECIAL LISS &amp; KERATIN - Sopro - Equipamentos elétricos para cabeleireiro" />
<meta property="og:description" content="Professional - Equipamentos elétricos para cabeleireiro. A Sopro é uma marca Portuguesa de equipamentos elétricos do setor profissional de cabeleireiro." />
<meta property="og:url" content="https://www.sopro.pt/en/produto/campana-special-liss-keratin/" />
<meta property="og:site_name" content="Sopro - Equipamentos elétricos para cabeleireiro" />
<meta property="article:publisher" content="https://www.facebook.com/soproprofessionals/" />
<meta property="article:modified_time" content="2024-05-02T13:01:20+00:00" />
<meta property="og:image" content="https://www.sopro.pt/wp-content/uploads/2023/09/IG-posts-29.jpg" />
	<meta property="og:image:width" content="1080" />
	<meta property="og:image:height" content="1080" />
	<meta property="og:image:type" content="image/jpeg" />
<meta name="twitter:card" content="summary_large_image" />
<script type="application/ld+json" class="yoast-schema-graph">{"@context":"https:\/\/schema.org","@graph":[{"@type":"WebPage","@id":"https:\/\/www.sopro.pt\/en\/produto\/campana-special-liss-keratin\/","url":"https:\/\/www.sopro.pt\/en\/produto\/campana-special-liss-keratin\/","name":"CAMPAÑA SPECIAL LISS &amp; KERATIN - Sopro - Equipamentos elétricos para cabeleireiro","isPartOf":{"@id":"https:\/\/www.sopro.pt\/en\/#website"},"primaryImageOfPage":{"@id":"https:\/\/www.sopro.pt\/en\/produto\/campana-special-liss-keratin\/#primaryimage"},"image":{"@id":"https:\/\/www.sopro.pt\/en\/produto\/campana-special-liss-keratin\/#primaryimage"},"thumbnailUrl":"https:\/\/www.sopro.pt\/wp-content\/uploads\/2023\/09\/IG-posts-29.jpg","datePublished":"2023-09-28T08:07:05+00:00","dateModified":"2024-05-02T13:01:20+00:00","description":"Professional - Equipamentos elétricos para cabeleireiro. A Sopro é uma marca Portuguesa de equipamentos elétricos do setor profissional de cabeleireiro.","breadcrumb":{"@id":"https:\/\/www.sopro.pt\/en\/produto\/campana-special-liss-keratin\/#breadcrumb"},"inLanguage":"en-US","potentialAction":[{"@type":"ReadAction","target":["https:\/\/www.sopro.pt\/en\/produto\/campana-special-liss-keratin\/"]}]},{"@type":"ImageObject","inLanguage":"en-US","@id":"https:\/\/www.sopro.pt\/en\/produto\/campana-special-liss-keratin\/#primaryimage","url":"https:\/\/www.sopro.pt\/wp-content\/uploads\/2023\/09\/IG-posts-29.jpg","contentUrl":"https:\/\/www.sopro.pt\/wp-content\/uploads\/2023\/09\/IG-posts-29.jpg","width":1080,"height":1080,"caption":"Campaña Special Liss - Keratin"},{"@type":"BreadcrumbList","@id":"https:\/\/www.sopro.pt\/en\/produto\/campana-special-liss-keratin\/#breadcrumb","itemListElement":[{"@type":"ListItem","position":1,"name":"Início","item":"https:\/\/www.sopro.pt\/en\/home-2\/"},{"@type":"ListItem","position":2,"name":"Products","item":"https:\/\/www.sopro.pt\/en\/shop\/"},{"@type":"ListItem","position":3,"name":"CAMPAÑA SPECIAL LISS &amp; KERATIN"}]},{"@type":"WebSite","@id":"https:\/\/www.sopro.pt\/en\/#website","url":"https:\/\/www.sopro.pt\/en\/","name":"Sopro Professionals","description":"Professional - Equipamentos elétricos para cabeleireiro. A Sopro é uma marca Portuguesa de equipamentos elétricos do setor profissional de cabeleireiro.","publisher":{"@id":"https:\/\/www.sopro.pt\/en\/#organization"},"alternateName":"Sopro","potentialAction":[{"@type":"SearchAction","target":{"@type":"EntryPoint","urlTemplate":"https:\/\/www.sopro.pt\/en\/?s={search_term_string}"},"query-input":{"@type":"PropertyValueSpecification","valueRequired":true,"valueName":"search_term_string"}}],"inLanguage":"en-US"},{"@type":"Organization","@id":"https:\/\/www.sopro.pt\/en\/#organization","name":"Sopro Professionals","url":"https:\/\/www.sopro.pt\/en\/","logo":{"@type":"ImageObject","inLanguage":"en-US","@id":"https:\/\/www.sopro.pt\/en\/#\/schema\/logo\/image\/","url":"https:\/\/www.sopro.pt\/wp-content\/uploads\/2024\/01\/SOPRO-PROFESSIONALS-FAVICON-web.svg","contentUrl":"https:\/\/www.sopro.pt\/wp-content\/uploads\/2024\/01\/SOPRO-PROFESSIONALS-FAVICON-web.svg","width":512,"height":512,"caption":"Sopro Professionals"},"image":{"@id":"https:\/\/www.sopro.pt\/en\/#\/schema\/logo\/image\/"},"sameAs":["https:\/\/www.facebook.com\/soproprofessionals\/","https:\/\/www.instagram.com\/sopro_professionals\/"]}]}</script>
<!-- / Yoast SEO plugin. -->

CAMPAÑA SPECIAL LISS &amp; KERATIN - Sopro - Equipamentos elétricos para cabeleireiro

Professional - Equipamentos elétricos para cabeleireiro. A Sopro é uma marca Portuguesa de equipamentos elétricos do setor profissional de cabeleireiro.

Sopro - Equipamentos elétricos para cabeleireiro

Campaña Special Liss - Keratin

Início
